{"id":2391,"date":"2024-02-13T15:46:36","date_gmt":"2024-02-13T15:46:36","guid":{"rendered":"https:\/\/asv.pt\/?page_id=2391"},"modified":"2025-11-01T19:39:56","modified_gmt":"2025-11-01T19:39:56","slug":"verleih-von-audiogeraten","status":"publish","type":"page","link":"https:\/\/asv.pt\/de\/audio-gear-rental-services\/","title":{"rendered":"Vermietung von Audioger\u00e4ten"},"content":{"rendered":"<div class=\"et_pb_section_0 et_pb_section et_pb_fullwidth_section et_section_regular et_block_section sfly_hero sfly_hero_3\"><section class=\"et_pb_fullwidth_header_0 et_pb_fullwidth_header et_pb_fullscreen et_pb_bg_layout_dark et_pb_text_align_left et_animated et_pb_section_parallax et_pb_module et_flex_module sfly_fullwidth_header\"><span class=\"et-pb-parallax-wrapper\"><span class=\"et-pb-parallax-background et-pb-parallax-background-module--divi-fullwidth-header-0\" style=\"background-image:url(https:\/\/asv.pt\/wp-content\/uploads\/2021\/04\/Modular2.jpg)\"><\/span><\/span><div class=\"et_pb_fullwidth_header_container left\"><div class=\"header-content-container center\"><div class=\"header-content et_flex_module\"><h1 class=\"et_pb_module_header\">Vermietung von Studioausr\u00fcstung<\/h1><span class=\"et_pb_fullwidth_header_subhead\">Entfalten Sie Ihr kreatives Potenzial mit erstklassiger Ausr\u00fcstung<\/span><div class=\"et_pb_header_content_wrapper\"><p>Bei Algarve Sound &amp; Vision wissen wir, dass die richtige Ausr\u00fcstung Ihr Projekt von gut zu unvergesslich machen kann. Deshalb bieten wir ein umfangreiches Angebot an Studioger\u00e4ten zur Miete an, das alle Ihre Audio- und visuellen Bed\u00fcrfnisse abdeckt. Ganz gleich, ob Sie ein tempor\u00e4res Projekt auf die Beine stellen oder die B\u00fchne f\u00fcr ein immersives Erlebnis bereiten wollen, wir haben alles, was Sie brauchen.<\/p>\n<\/div><div class=\"et_pb_header_button_wrapper\"><\/div><\/div><\/div><\/div><div class=\"et_pb_fullwidth_header_overlay\"><\/div><div class=\"et_pb_fullwidth_header_scroll\"><\/div><\/section><\/div><div class=\"et_pb_section_1 et_pb_section et_section_regular et_block_section sfly_feature sfly_feature_12\"><div class=\"et_pb_row_0 et_pb_row et_block_row\"><div class=\"et_pb_column_0 et_pb_column et_pb_column_1_2 et_block_column et_pb_css_mix_blend_mode_passthrough\"><div class=\"et_pb_text_0 et_pb_text et_pb_bg_layout_light et_pb_module et_flex_module preset--module--divi-text--default\"><div class=\"et_pb_text_inner\"><h2>Ma\u00dfgeschneiderte L\u00f6sungen f\u00fcr Ihre einzigartigen Bed\u00fcrfnisse<\/h2>\n<p>Wir glauben daran, dass wir individuelle L\u00f6sungen anbieten. Unsere Mietpreise sind so individuell wie Ihr Projekt und richten sich nach der von Ihnen ben\u00f6tigten Ausr\u00fcstung, der Mietdauer und der Logistik f\u00fcr Anlieferung und Abholung. Dieser ma\u00dfgeschneiderte Ansatz stellt sicher, dass Sie genau das bekommen, was Sie brauchen, wenn Sie es brauchen, ohne Kompromisse.<\/p>\n<\/div><\/div><div class=\"et_pb_text_1 et_pb_text et_pb_bg_layout_light et_pb_module et_flex_module preset--module--divi-text--default\"><div class=\"et_pb_text_inner\"><h2>Wie Sie bei uns mieten k\u00f6nnen<\/h2>\n<ol>\n<li>Identifizieren Sie Ihren Bedarf: Durchsuchen Sie unser <a href=\"https:\/\/asv.pt\/de\/tonaufnahme_studio-lagos-musik\/#gear\">Ausr\u00fcstungsliste<\/a> und bestimmen Sie, welche Ausr\u00fcstung f\u00fcr Ihr Projekt am besten geeignet ist, oder stellen Sie Ihre eigene Liste zusammen und wir schlagen Ihnen vor, was wir anbieten k\u00f6nnen.<\/li>\n<li>Geben Sie die Details an: Wir m\u00fcssen den Mietzeitraum und den Ort der Anlieferung und Abholung kennen.<\/li>\n<li>Erreichen Sie uns: Senden Sie uns eine E-Mail an <a href=\"mailto:info@asv.pt\">info@asv.pt<\/a> einschlie\u00dflich der Liste der von Ihnen ben\u00f6tigten Ausr\u00fcstung und der Einzelheiten Ihrer Mietanforderungen. Sie k\u00f6nnen uns gerne Fragen stellen oder Empfehlungen einholen - wir sind f\u00fcr Sie da!<\/li>\n<\/ol>\n<\/div><\/div><\/div><div class=\"et_pb_column_1 et_pb_column et_pb_column_1_2 et-last-child et_block_column et_pb_css_mix_blend_mode_passthrough\"><div class=\"et_pb_text_2 et_pb_text et_pb_bg_layout_light et_pb_module et_flex_module preset--module--divi-text--default\"><div class=\"et_pb_text_inner\"><h2>Kontakt aufnehmen<\/h2>\n<p>Beginnen Sie mit der Planung Ihres n\u00e4chsten Projekts mit Algarve Sound &amp; Vision. Senden Sie uns noch heute eine E-Mail, und lassen Sie uns gemeinsam etwas Unglaubliches schaffen.<\/p>\n<\/div><\/div><div class=\"et_pb_image_0 et_pb_image et_pb_module et_flex_module preset--module--divi-image--default\"><span class=\"et_pb_image_wrap\"><img decoding=\"async\" src=\"https:\/\/asv.pt\/wp-content\/uploads\/2023\/03\/Area432_Keyboards-.jpg\" alt=\"Mix It Up Workshop\" title=\"Bereich 432 Tastaturauswahl\" width=\"1500\" height=\"1000\" class=\"wp-image-2117\" \/><\/span><\/div><\/div><\/div><\/div>","protected":false},"excerpt":{"rendered":"","protected":false},"author":1,"featured_media":0,"parent":0,"menu_order":0,"comment_status":"closed","ping_status":"closed","template":"","meta":{"footnotes":""},"class_list":["post-2391","page","type-page","status-publish","hentry"],"_links":{"self":[{"href":"https:\/\/asv.pt\/de\/wp-json\/wp\/v2\/pages\/2391","targetHints":{"allow":["GET"]}}],"collection":[{"href":"https:\/\/asv.pt\/de\/wp-json\/wp\/v2\/pages"}],"about":[{"href":"https:\/\/asv.pt\/de\/wp-json\/wp\/v2\/types\/page"}],"author":[{"embeddable":true,"href":"https:\/\/asv.pt\/de\/wp-json\/wp\/v2\/users\/1"}],"replies":[{"embeddable":true,"href":"https:\/\/asv.pt\/de\/wp-json\/wp\/v2\/comments?post=2391"}],"version-history":[{"count":10,"href":"https:\/\/asv.pt\/de\/wp-json\/wp\/v2\/pages\/2391\/revisions"}],"predecessor-version":[{"id":2806,"href":"https:\/\/asv.pt\/de\/wp-json\/wp\/v2\/pages\/2391\/revisions\/2806"}],"wp:attachment":[{"href":"https:\/\/asv.pt\/de\/wp-json\/wp\/v2\/media?parent=2391"}],"curies":[{"name":"wp","href":"https:\/\/api.w.org\/{rel}","templated":true}]}}

Vermietung von Audiogeräten

<div class="et_pb_section_0 et_pb_section et_pb_fullwidth_section et_section_regular et_block_section sfly_hero sfly_hero_3"><section class="et_pb_fullwidth_header_0 et_pb_fullwidth_header et_pb_fullscreen et_pb_bg_layout_dark et_pb_text_align_left et_animated et_pb_section_parallax et_pb_module et_flex_module sfly_fullwidth_header"><span class="et-pb-parallax-wrapper"><span class="et-pb-parallax-background et-pb-parallax-background-module--divi-fullwidth-header-0" style="background-image:url(https://asv.pt/wp-content/uploads/2021/04/Modular2.jpg)"></span></span><div class="et_pb_fullwidth_header_container left"><div class="header-content-container center"><div class="header-content et_flex_module"><h1 class="et_pb_module_header">Vermietung von Studioausrüstung</h1><span class="et_pb_fullwidth_header_subhead">Entfalten Sie Ihr kreatives Potenzial mit erstklassiger Ausrüstung</span><div class="et_pb_header_content_wrapper"><p>Bei Algarve Sound &amp; Vision wissen wir, dass die richtige Ausrüstung Ihr Projekt von gut zu unvergesslich machen kann. Deshalb bieten wir ein umfangreiches Angebot an Studiogeräten zur Miete an, das alle Ihre Audio- und visuellen Bedürfnisse abdeckt. Ganz gleich, ob Sie ein temporäres Projekt auf die Beine stellen oder die Bühne für ein immersives Erlebnis bereiten wollen, wir haben alles, was Sie brauchen.</p>
</div><div class="et_pb_header_button_wrapper"></div></div></div></div><div class="et_pb_fullwidth_header_overlay"></div><div class="et_pb_fullwidth_header_scroll"></div></section></div><div class="et_pb_section_1 et_pb_section et_section_regular et_block_section sfly_feature sfly_feature_12"><div class="et_pb_row_0 et_pb_row et_block_row"><div class="et_pb_column_0 et_pb_column et_pb_column_1_2 et_block_column et_pb_css_mix_blend_mode_passthrough"><div class="et_pb_text_0 et_pb_text et_pb_bg_layout_light et_pb_module et_flex_module preset--module--divi-text--default"><div class="et_pb_text_inner"><h2>Maßgeschneiderte Lösungen für Ihre einzigartigen Bedürfnisse</h2>
<p>Wir glauben daran, dass wir individuelle Lösungen anbieten. Unsere Mietpreise sind so individuell wie Ihr Projekt und richten sich nach der von Ihnen benötigten Ausrüstung, der Mietdauer und der Logistik für Anlieferung und Abholung. Dieser maßgeschneiderte Ansatz stellt sicher, dass Sie genau das bekommen, was Sie brauchen, wenn Sie es brauchen, ohne Kompromisse.</p>
</div></div><div class="et_pb_text_1 et_pb_text et_pb_bg_layout_light et_pb_module et_flex_module preset--module--divi-text--default"><div class="et_pb_text_inner"><h2>Wie Sie bei uns mieten können</h2>
<ol>
<li>Identifizieren Sie Ihren Bedarf: Durchsuchen Sie unser <a href="https://asv.pt/de/tonaufnahme_studio-lagos-musik/#gear">Ausrüstungsliste</a> und bestimmen Sie, welche Ausrüstung für Ihr Projekt am besten geeignet ist, oder stellen Sie Ihre eigene Liste zusammen und wir schlagen Ihnen vor, was wir anbieten können.</li>
<li>Geben Sie die Details an: Wir müssen den Mietzeitraum und den Ort der Anlieferung und Abholung kennen.</li>
<li>Erreichen Sie uns: Senden Sie uns eine E-Mail an <a href="mailto:info@asv.pt">info@asv.pt</a> einschließlich der Liste der von Ihnen benötigten Ausrüstung und der Einzelheiten Ihrer Mietanforderungen. Sie können uns gerne Fragen stellen oder Empfehlungen einholen - wir sind für Sie da!</li>
</ol>
</div></div></div><div class="et_pb_column_1 et_pb_column et_pb_column_1_2 et-last-child et_block_column et_pb_css_mix_blend_mode_passthrough"><div class="et_pb_text_2 et_pb_text et_pb_bg_layout_light et_pb_module et_flex_module preset--module--divi-text--default"><div class="et_pb_text_inner"><h2>Kontakt aufnehmen</h2>
<p>Beginnen Sie mit der Planung Ihres nächsten Projekts mit Algarve Sound &amp; Vision. Senden Sie uns noch heute eine E-Mail, und lassen Sie uns gemeinsam etwas Unglaubliches schaffen.</p>
</div></div><div class="et_pb_image_0 et_pb_image et_pb_module et_flex_module preset--module--divi-image--default"><span class="et_pb_image_wrap"><img decoding="async" src="https://asv.pt/wp-content/uploads/2023/03/Area432_Keyboards-.jpg" alt="Mix It Up Workshop" title="Bereich 432 Tastaturauswahl" width="1500" height="1000" class="wp-image-2117" /></span></div></div></div></div>
