{"id":2061,"date":"2023-02-22T20:30:04","date_gmt":"2023-02-22T20:30:04","guid":{"rendered":"https:\/\/asv.pt\/?page_id=2061"},"modified":"2025-11-01T19:39:53","modified_gmt":"2025-11-01T19:39:53","slug":"como-se-preparar-para-uma-sessao-de-gravacao","status":"publish","type":"page","link":"https:\/\/asv.pt\/pt\/how-to-prepare-for-a-recording-session\/","title":{"rendered":"Como se preparar para uma sess\u00e3o de grava\u00e7\u00e3o?"},"content":{"rendered":"<div class=\"et_pb_section_0 et_pb_section et_pb_fullwidth_section et_section_regular et_block_section sfly_hero sfly_hero_1\"><section class=\"et_pb_fullwidth_header_0 et_pb_fullwidth_header et_pb_fullscreen et_pb_bg_layout_dark et_pb_text_align_center et_animated et_pb_section_parallax et_pb_module et_flex_module sfly_fullwidth_header\"><span class=\"et-pb-parallax-wrapper\"><span class=\"et-pb-parallax-background et-pb-parallax-background-module--divi-fullwidth-header-0\" style=\"background-image:url(https:\/\/asv.pt\/wp-content\/uploads\/2023\/02\/Glenn_Doc_Murdock.jpg)\"><\/span><\/span><div class=\"et_pb_fullwidth_header_container center\"><div class=\"header-content-container center\"><div class=\"header-content et_flex_module\"><h1 class=\"et_pb_module_header\">Como se preparar para uma sess\u00e3o de grava\u00e7\u00e3o?<\/h1><div class=\"et_pb_header_content_wrapper\"><p>Marcou uma sess\u00e3o de grava\u00e7\u00e3o? \u00d3timo! Agora \u00e9 altura de se preparar! \u00c9 uma parte essencial para garantir que ser\u00e1 capaz de apresentar o seu melhor desempenho e que pode tirar o m\u00e1ximo partido poss\u00edvel do precioso tempo de est\u00fadio. Aqui ficam algumas dicas.<\/p>\n<\/div><div class=\"et_pb_header_button_wrapper\"><\/div><\/div><\/div><\/div><div class=\"et_pb_fullwidth_header_overlay\"><\/div><div class=\"et_pb_fullwidth_header_scroll\"><a class=\"scroll-down-container\" href=\"#\"><span class=\"scroll-down et-pb-icon\">3<\/span><\/a><\/div><\/section><\/div><div class=\"et_pb_section_1 et_pb_section et_section_regular et_block_section sfly_feature sfly_feature_10\"><div class=\"et_pb_row_0 et_pb_row et_block_row\"><div class=\"et_pb_column_0 et_pb_column et_pb_column_1_2 et_block_column et_pb_css_mix_blend_mode_passthrough column2\"><div class=\"et_pb_blurb_0 et_pb_blurb et_pb_bg_layout_light et_pb_blurb_position_left et_pb_module et_flex_module preset--module--divi-blurb--default\"><div class=\"et_pb_blurb_content et_flex_module\"><div class=\"et_pb_main_blurb_image\" data-no-translation=\"\" data-no-auto-translation=\"\"><span class=\"et_pb_image_wrap\"><span class=\"et-pb-icon\">\uf4da<\/span><\/span><\/div><div class=\"et_pb_blurb_container\"><h4 class=\"et_pb_module_header\">Ficar confort\u00e1vel com o material<\/h4><div class=\"et_pb_blurb_description\"><p>\u00c9 essencial que se sinta confort\u00e1vel com o material que est\u00e1 a gravar. Certifique-se de que ensaiou bem as can\u00e7\u00f5es ou pe\u00e7as e de que est\u00e1 confiante na sua capacidade de as executar. Se n\u00e3o estiver confiante com o material, pode causar stress e ansiedade desnecess\u00e1rios durante a sess\u00e3o de grava\u00e7\u00e3o, o que pode afectar negativamente a sua performance.<\/p>\n<\/div><\/div><\/div><\/div><div class=\"et_pb_blurb_1 et_pb_blurb et_pb_bg_layout_light et_pb_blurb_position_left et_pb_module et_flex_module preset--module--divi-blurb--default\"><div class=\"et_pb_blurb_content et_flex_module\"><div class=\"et_pb_main_blurb_image\" data-no-translation=\"\" data-no-auto-translation=\"\"><span class=\"et_pb_image_wrap\"><span class=\"et-pb-icon\">\ue0f5<\/span><\/span><\/div><div class=\"et_pb_blurb_container\"><h4 class=\"et_pb_module_header\">Definir um objectivo para a sess\u00e3o<\/h4><div class=\"et_pb_blurb_description\"><p>Antes da sess\u00e3o de grava\u00e7\u00e3o, defina o seu objectivo. O que pretende alcan\u00e7ar com esta grava\u00e7\u00e3o? \u00c9 criar uma demo para uma editora discogr\u00e1fica, ou \u00e9 gravar uma \u00fanica grava\u00e7\u00e3o para lan\u00e7amento? Conhecer o seu objectivo ajud\u00e1-lo-\u00e1 a manter-se concentrado e motivado e permitir\u00e1 que o engenheiro de grava\u00e7\u00e3o o ajude a atingir o seu objectivo.<\/p>\n<\/div><\/div><\/div><\/div><div class=\"et_pb_blurb_2 et_pb_blurb et_pb_bg_layout_light et_pb_blurb_position_left et_pb_module et_flex_module preset--module--divi-blurb--default\"><div class=\"et_pb_blurb_content et_flex_module\"><div class=\"et_pb_main_blurb_image\" data-no-translation=\"\" data-no-auto-translation=\"\"><span class=\"et_pb_image_wrap\"><span class=\"et-pb-icon\">\uf043<\/span><\/span><\/div><div class=\"et_pb_blurb_container\"><h4 class=\"et_pb_module_header\">Fique Hidratado!<\/h4><div class=\"et_pb_blurb_description\"><p>Detesto parecer a vossa m\u00e3e, mas \u00e9 muito importante manterem-se hidratados. Isto \u00e9 especialmente v\u00e1lido para vocalistas, mas tamb\u00e9m para outros instrumentistas. Gravar num est\u00fadio \u00e9, por vezes, uma tarefa dif\u00edcil, e \u00e9 preciso manter a concentra\u00e7\u00e3o durante muito tempo. \u00c9 muito mais f\u00e1cil quando se est\u00e1 bem hidratado. <strong>Por favor, traga a sua pr\u00f3pria \u00e1gua para a sess\u00e3o.<\/strong><\/p>\n<\/div><\/div><\/div><\/div><div class=\"et_pb_blurb_3 et_pb_blurb et_pb_bg_layout_light et_pb_blurb_position_left et_pb_module et_flex_module preset--module--divi-blurb--default\"><div class=\"et_pb_blurb_content et_flex_module\"><div class=\"et_pb_main_blurb_image\" data-no-translation=\"\" data-no-auto-translation=\"\"><span class=\"et_pb_image_wrap\"><span class=\"et-pb-icon\">\uf7a6<\/span><\/span><\/div><div class=\"et_pb_blurb_container\"><h4 class=\"et_pb_module_header\">Prepare o seu instrumento<\/h4><div class=\"et_pb_blurb_description\"><p>Se \u00e9 instrumentista, deve cuidar do seu instrumento no dia anterior. Por exemplo, o instrumento pode precisar de um novo jogo de cordas ou de ser limpo, ajustado, etc. Fa\u00e7am o que fizerem, tragam o vosso instrumento nas melhores condi\u00e7\u00f5es poss\u00edveis e preparado. N\u00e3o se esque\u00e7a de testar cabos, pr\u00e9-amplificadores, amplificadores, v\u00e1lvulas, efeitos, baterias e tudo o que precisar para a sua grava\u00e7\u00e3o. Nada \u00e9 mais irritante do que um equipamento que n\u00e3o funciona corretamente devido \u00e0 falta de manuten\u00e7\u00e3o.<\/p>\n<\/div><\/div><\/div><\/div><\/div><div class=\"et_pb_column_1 et_pb_column et_pb_column_1_2 et-last-child et_block_column et_pb_css_mix_blend_mode_passthrough column2\"><div class=\"et_pb_blurb_4 et_pb_blurb et_pb_bg_layout_light et_pb_blurb_position_left et_pb_module et_flex_module preset--module--divi-blurb--default\"><div class=\"et_pb_blurb_content et_flex_module\"><div class=\"et_pb_main_blurb_image\" data-no-translation=\"\" data-no-auto-translation=\"\"><span class=\"et_pb_image_wrap\"><span class=\"et-pb-icon\">\uf05a<\/span><\/span><\/div><div class=\"et_pb_blurb_container\"><h4 class=\"et_pb_module_header\">Enviar todas as informa\u00e7\u00f5es com anteced\u00eancia<\/h4><div class=\"et_pb_blurb_description\"><p>O engenheiro de grava\u00e7\u00e3o precisa de ter o m\u00e1ximo de informa\u00e7\u00e3o poss\u00edvel com anteced\u00eancia. Isto inclui informa\u00e7\u00f5es sobre o equipamento que vai levar e o que pretende gravar. Se precisar de microfones ou caminhos de sinal espec\u00edficos ou se tiver prefer\u00eancias particulares relativamente \u00e0 configura\u00e7\u00e3o, \u00e9 essencial comunic\u00e1-las com anteced\u00eancia. Al\u00e9m disso, forne\u00e7a todas as faixas de apoio, ficheiros de tronco e informa\u00e7\u00f5es de BPM necess\u00e1rias com a maior brevidade poss\u00edvel, uma vez que isso permitir\u00e1 ao engenheiro de grava\u00e7\u00e3o preparar a sess\u00e3o DAW com anteced\u00eancia.<br \/>Tamb\u00e9m seria \u00fatil fornecer uma lista de faixas de refer\u00eancia, se dispon\u00edvel, ao engenheiro de grava\u00e7\u00e3o. Isto permitir\u00e1 uma melhor compreens\u00e3o do estilo e da vibra\u00e7\u00e3o desejados antes da sess\u00e3o de grava\u00e7\u00e3o. O fornecimento de faixas de refer\u00eancia pode ajudar o engenheiro na tomada de decis\u00f5es sobre a coloca\u00e7\u00e3o do microfone, EQ, e mistura geral, conduzindo em \u00faltima an\u00e1lise a uma grava\u00e7\u00e3o mais bem sucedida.<\/p>\n<\/div><\/div><\/div><\/div><div class=\"et_pb_blurb_5 et_pb_blurb et_pb_bg_layout_light et_pb_blurb_position_left et_pb_module et_flex_module preset--module--divi-blurb--default\"><div class=\"et_pb_blurb_content et_flex_module\"><div class=\"et_pb_main_blurb_image\" data-no-translation=\"\" data-no-auto-translation=\"\"><span class=\"et_pb_image_wrap\"><span class=\"et-pb-icon\">\uf7b6<\/span><\/span><\/div><div class=\"et_pb_blurb_container\"><h4 class=\"et_pb_module_header\">Aquecimento antes da grava\u00e7\u00e3o<\/h4><div class=\"et_pb_blurb_description\"><p>Tal como os atletas aquecem antes de um jogo, os m\u00fasicos tamb\u00e9m devem aquecer antes de gravarem. Isto ajuda a prevenir qualquer tens\u00e3o ou les\u00e3o na sua voz ou m\u00fasculos. Pode aquecer fazendo exerc\u00edcios vocais, tocando escalas, fazendo alongamentos, ou simplesmente meditando e concentrando-se.<\/p>\n<\/div><\/div><\/div><\/div><div class=\"et_pb_blurb_6 et_pb_blurb et_pb_bg_layout_light et_pb_blurb_position_left et_pb_module et_flex_module preset--module--divi-blurb--default\"><div class=\"et_pb_blurb_content et_flex_module\"><div class=\"et_pb_main_blurb_image\" data-no-translation=\"\" data-no-auto-translation=\"\"><span class=\"et_pb_image_wrap\"><span class=\"et-pb-icon\">\uf236<\/span><\/span><\/div><div class=\"et_pb_blurb_container\"><h4 class=\"et_pb_module_header\">Dormir o suficiente<\/h4><div class=\"et_pb_blurb_description\"><p>\u00c9 crucial dormir o suficiente na noite anterior \u00e0 sess\u00e3o de grava\u00e7\u00e3o. Estar bem descansado ir\u00e1 ajud\u00e1-lo a manter-se concentrado e energizado durante toda a sess\u00e3o.<\/p>\n<\/div><\/div><\/div><\/div><div class=\"et_pb_blurb_7 et_pb_blurb et_pb_bg_layout_light et_pb_blurb_position_left et_pb_module et_flex_module preset--module--divi-blurb--default\"><div class=\"et_pb_blurb_content et_flex_module\"><div class=\"et_pb_main_blurb_image\" data-no-translation=\"\" data-no-auto-translation=\"\"><span class=\"et_pb_image_wrap\"><span class=\"et-pb-icon\">\uf2f2<\/span><\/span><\/div><div class=\"et_pb_blurb_container\"><h4 class=\"et_pb_module_header\">Chegar cedo e estar preparado<\/h4><div class=\"et_pb_blurb_description\"><p>Chegar cedo ao est\u00fadio de grava\u00e7\u00e3o dar-lhe-\u00e1 tempo para montar o seu equipamento, afinar o seu instrumento, e ficar confort\u00e1vel com o ambiente. O tempo \u00e9 precioso no est\u00fadio de grava\u00e7\u00e3o e o rel\u00f3gio est\u00e1 a contar a partir da hora marcada. \u00c9 tamb\u00e9m essencial vir preparado com qualquer equipamento ou acess\u00f3rios necess\u00e1rios, tais como cordas ou picaretas extra.<\/p>\n<\/div><\/div><\/div><\/div><\/div><\/div><\/div><div class=\"et_pb_section_2 et_pb_section et_section_regular et_block_section sfly_feature sfly_feature_18\"><div class=\"et_pb_row_1 et_pb_row et_block_row\"><div class=\"et_pb_column_2 et_pb_column et_pb_column_1_2 et_block_column et_pb_column_empty et_pb_css_mix_blend_mode_passthrough column1\"><\/div><div class=\"et_pb_column_3 et_pb_column et_pb_column_1_2 et-last-child et_block_column et_pb_css_mix_blend_mode_passthrough column2\"><div class=\"et_pb_text_0 et_pb_text et_pb_bg_layout_light et_pb_module et_flex_module preset--module--divi-text--default\"><div class=\"et_pb_text_inner\"><p>Ent\u00e3o, a\u00ed t\u00eam, pessoal. Sigam estas dicas e estar\u00e3o no bom caminho para o sucesso da grava\u00e7\u00e3o. E lembrem-se, mesmo que as coisas n\u00e3o corram de acordo com o planeado, continuem com elas. Por vezes, as melhores coisas surgem de momentos inesperados. E, quem sabe, talvez at\u00e9 tenha uma boa bobina de erros para partilhar com os seus f\u00e3s. Boa sorte, e parte uma perna (mas n\u00e3o a s\u00e9rio, isso seria mau).<\/p>\n<\/div><\/div><div class=\"et_pb_module et_pb_button_module_wrapper et_pb_button_0_wrapper\"><a class=\"et_pb_button_0 et_pb_button et_pb_bg_layout_light et_pb_module et_flex_module\" href=\"https:\/\/asv.pt\/pt\/contato\/\">Mais perguntas?<\/a><\/div><\/div><\/div><\/div>","protected":false},"excerpt":{"rendered":"","protected":false},"author":1,"featured_media":0,"parent":0,"menu_order":0,"comment_status":"closed","ping_status":"closed","template":"","meta":{"footnotes":""},"class_list":["post-2061","page","type-page","status-publish","hentry"],"_links":{"self":[{"href":"https:\/\/asv.pt\/pt\/wp-json\/wp\/v2\/pages\/2061","targetHints":{"allow":["GET"]}}],"collection":[{"href":"https:\/\/asv.pt\/pt\/wp-json\/wp\/v2\/pages"}],"about":[{"href":"https:\/\/asv.pt\/pt\/wp-json\/wp\/v2\/types\/page"}],"author":[{"embeddable":true,"href":"https:\/\/asv.pt\/pt\/wp-json\/wp\/v2\/users\/1"}],"replies":[{"embeddable":true,"href":"https:\/\/asv.pt\/pt\/wp-json\/wp\/v2\/comments?post=2061"}],"version-history":[{"count":20,"href":"https:\/\/asv.pt\/pt\/wp-json\/wp\/v2\/pages\/2061\/revisions"}],"predecessor-version":[{"id":2802,"href":"https:\/\/asv.pt\/pt\/wp-json\/wp\/v2\/pages\/2061\/revisions\/2802"}],"wp:attachment":[{"href":"https:\/\/asv.pt\/pt\/wp-json\/wp\/v2\/media?parent=2061"}],"curies":[{"name":"wp","href":"https:\/\/api.w.org\/{rel}","templated":true}]}}

Como se preparar para uma sessão de gravação?

<div class="et_pb_section_0 et_pb_section et_pb_fullwidth_section et_section_regular et_block_section sfly_hero sfly_hero_1"><section class="et_pb_fullwidth_header_0 et_pb_fullwidth_header et_pb_fullscreen et_pb_bg_layout_dark et_pb_text_align_center et_animated et_pb_section_parallax et_pb_module et_flex_module sfly_fullwidth_header"><span class="et-pb-parallax-wrapper"><span class="et-pb-parallax-background et-pb-parallax-background-module--divi-fullwidth-header-0" style="background-image:url(https://asv.pt/wp-content/uploads/2023/02/Glenn_Doc_Murdock.jpg)"></span></span><div class="et_pb_fullwidth_header_container center"><div class="header-content-container center"><div class="header-content et_flex_module"><h1 class="et_pb_module_header">Como se preparar para uma sessão de gravação?</h1><div class="et_pb_header_content_wrapper"><p>Marcou uma sessão de gravação? Ótimo! Agora é altura de se preparar! É uma parte essencial para garantir que será capaz de apresentar o seu melhor desempenho e que pode tirar o máximo partido possível do precioso tempo de estúdio. Aqui ficam algumas dicas.</p>
</div><div class="et_pb_header_button_wrapper"></div></div></div></div><div class="et_pb_fullwidth_header_overlay"></div><div class="et_pb_fullwidth_header_scroll"><a class="scroll-down-container" href="#"><span class="scroll-down et-pb-icon">3</span></a></div></section></div><div class="et_pb_section_1 et_pb_section et_section_regular et_block_section sfly_feature sfly_feature_10"><div class="et_pb_row_0 et_pb_row et_block_row"><div class="et_pb_column_0 et_pb_column et_pb_column_1_2 et_block_column et_pb_css_mix_blend_mode_passthrough column2"><div class="et_pb_blurb_0 et_pb_blurb et_pb_bg_layout_light et_pb_blurb_position_left et_pb_module et_flex_module preset--module--divi-blurb--default"><div class="et_pb_blurb_content et_flex_module"><div class="et_pb_main_blurb_image" data-no-translation="" data-no-auto-translation=""><span class="et_pb_image_wrap"><span class="et-pb-icon"></span></span></div><div class="et_pb_blurb_container"><h4 class="et_pb_module_header">Ficar confortável com o material</h4><div class="et_pb_blurb_description"><p>É essencial que se sinta confortável com o material que está a gravar. Certifique-se de que ensaiou bem as canções ou peças e de que está confiante na sua capacidade de as executar. Se não estiver confiante com o material, pode causar stress e ansiedade desnecessários durante a sessão de gravação, o que pode afectar negativamente a sua performance.</p>
</div></div></div></div><div class="et_pb_blurb_1 et_pb_blurb et_pb_bg_layout_light et_pb_blurb_position_left et_pb_module et_flex_module preset--module--divi-blurb--default"><div class="et_pb_blurb_content et_flex_module"><div class="et_pb_main_blurb_image" data-no-translation="" data-no-auto-translation=""><span class="et_pb_image_wrap"><span class="et-pb-icon"></span></span></div><div class="et_pb_blurb_container"><h4 class="et_pb_module_header">Definir um objectivo para a sessão</h4><div class="et_pb_blurb_description"><p>Antes da sessão de gravação, defina o seu objectivo. O que pretende alcançar com esta gravação? É criar uma demo para uma editora discográfica, ou é gravar uma única gravação para lançamento? Conhecer o seu objectivo ajudá-lo-á a manter-se concentrado e motivado e permitirá que o engenheiro de gravação o ajude a atingir o seu objectivo.</p>
</div></div></div></div><div class="et_pb_blurb_2 et_pb_blurb et_pb_bg_layout_light et_pb_blurb_position_left et_pb_module et_flex_module preset--module--divi-blurb--default"><div class="et_pb_blurb_content et_flex_module"><div class="et_pb_main_blurb_image" data-no-translation="" data-no-auto-translation=""><span class="et_pb_image_wrap"><span class="et-pb-icon"></span></span></div><div class="et_pb_blurb_container"><h4 class="et_pb_module_header">Fique Hidratado!</h4><div class="et_pb_blurb_description"><p>Detesto parecer a vossa mãe, mas é muito importante manterem-se hidratados. Isto é especialmente válido para vocalistas, mas também para outros instrumentistas. Gravar num estúdio é, por vezes, uma tarefa difícil, e é preciso manter a concentração durante muito tempo. É muito mais fácil quando se está bem hidratado. <strong>Por favor, traga a sua própria água para a sessão.</strong></p>
</div></div></div></div><div class="et_pb_blurb_3 et_pb_blurb et_pb_bg_layout_light et_pb_blurb_position_left et_pb_module et_flex_module preset--module--divi-blurb--default"><div class="et_pb_blurb_content et_flex_module"><div class="et_pb_main_blurb_image" data-no-translation="" data-no-auto-translation=""><span class="et_pb_image_wrap"><span class="et-pb-icon"></span></span></div><div class="et_pb_blurb_container"><h4 class="et_pb_module_header">Prepare o seu instrumento</h4><div class="et_pb_blurb_description"><p>Se é instrumentista, deve cuidar do seu instrumento no dia anterior. Por exemplo, o instrumento pode precisar de um novo jogo de cordas ou de ser limpo, ajustado, etc. Façam o que fizerem, tragam o vosso instrumento nas melhores condições possíveis e preparado. Não se esqueça de testar cabos, pré-amplificadores, amplificadores, válvulas, efeitos, baterias e tudo o que precisar para a sua gravação. Nada é mais irritante do que um equipamento que não funciona corretamente devido à falta de manutenção.</p>
</div></div></div></div></div><div class="et_pb_column_1 et_pb_column et_pb_column_1_2 et-last-child et_block_column et_pb_css_mix_blend_mode_passthrough column2"><div class="et_pb_blurb_4 et_pb_blurb et_pb_bg_layout_light et_pb_blurb_position_left et_pb_module et_flex_module preset--module--divi-blurb--default"><div class="et_pb_blurb_content et_flex_module"><div class="et_pb_main_blurb_image" data-no-translation="" data-no-auto-translation=""><span class="et_pb_image_wrap"><span class="et-pb-icon"></span></span></div><div class="et_pb_blurb_container"><h4 class="et_pb_module_header">Enviar todas as informações com antecedência</h4><div class="et_pb_blurb_description"><p>O engenheiro de gravação precisa de ter o máximo de informação possível com antecedência. Isto inclui informações sobre o equipamento que vai levar e o que pretende gravar. Se precisar de microfones ou caminhos de sinal específicos ou se tiver preferências particulares relativamente à configuração, é essencial comunicá-las com antecedência. Além disso, forneça todas as faixas de apoio, ficheiros de tronco e informações de BPM necessárias com a maior brevidade possível, uma vez que isso permitirá ao engenheiro de gravação preparar a sessão DAW com antecedência.<br />Também seria útil fornecer uma lista de faixas de referência, se disponível, ao engenheiro de gravação. Isto permitirá uma melhor compreensão do estilo e da vibração desejados antes da sessão de gravação. O fornecimento de faixas de referência pode ajudar o engenheiro na tomada de decisões sobre a colocação do microfone, EQ, e mistura geral, conduzindo em última análise a uma gravação mais bem sucedida.</p>
</div></div></div></div><div class="et_pb_blurb_5 et_pb_blurb et_pb_bg_layout_light et_pb_blurb_position_left et_pb_module et_flex_module preset--module--divi-blurb--default"><div class="et_pb_blurb_content et_flex_module"><div class="et_pb_main_blurb_image" data-no-translation="" data-no-auto-translation=""><span class="et_pb_image_wrap"><span class="et-pb-icon"></span></span></div><div class="et_pb_blurb_container"><h4 class="et_pb_module_header">Aquecimento antes da gravação</h4><div class="et_pb_blurb_description"><p>Tal como os atletas aquecem antes de um jogo, os músicos também devem aquecer antes de gravarem. Isto ajuda a prevenir qualquer tensão ou lesão na sua voz ou músculos. Pode aquecer fazendo exercícios vocais, tocando escalas, fazendo alongamentos, ou simplesmente meditando e concentrando-se.</p>
</div></div></div></div><div class="et_pb_blurb_6 et_pb_blurb et_pb_bg_layout_light et_pb_blurb_position_left et_pb_module et_flex_module preset--module--divi-blurb--default"><div class="et_pb_blurb_content et_flex_module"><div class="et_pb_main_blurb_image" data-no-translation="" data-no-auto-translation=""><span class="et_pb_image_wrap"><span class="et-pb-icon"></span></span></div><div class="et_pb_blurb_container"><h4 class="et_pb_module_header">Dormir o suficiente</h4><div class="et_pb_blurb_description"><p>É crucial dormir o suficiente na noite anterior à sessão de gravação. Estar bem descansado irá ajudá-lo a manter-se concentrado e energizado durante toda a sessão.</p>
</div></div></div></div><div class="et_pb_blurb_7 et_pb_blurb et_pb_bg_layout_light et_pb_blurb_position_left et_pb_module et_flex_module preset--module--divi-blurb--default"><div class="et_pb_blurb_content et_flex_module"><div class="et_pb_main_blurb_image" data-no-translation="" data-no-auto-translation=""><span class="et_pb_image_wrap"><span class="et-pb-icon"></span></span></div><div class="et_pb_blurb_container"><h4 class="et_pb_module_header">Chegar cedo e estar preparado</h4><div class="et_pb_blurb_description"><p>Chegar cedo ao estúdio de gravação dar-lhe-á tempo para montar o seu equipamento, afinar o seu instrumento, e ficar confortável com o ambiente. O tempo é precioso no estúdio de gravação e o relógio está a contar a partir da hora marcada. É também essencial vir preparado com qualquer equipamento ou acessórios necessários, tais como cordas ou picaretas extra.</p>
</div></div></div></div></div></div></div><div class="et_pb_section_2 et_pb_section et_section_regular et_block_section sfly_feature sfly_feature_18"><div class="et_pb_row_1 et_pb_row et_block_row"><div class="et_pb_column_2 et_pb_column et_pb_column_1_2 et_block_column et_pb_column_empty et_pb_css_mix_blend_mode_passthrough column1"></div><div class="et_pb_column_3 et_pb_column et_pb_column_1_2 et-last-child et_block_column et_pb_css_mix_blend_mode_passthrough column2"><div class="et_pb_text_0 et_pb_text et_pb_bg_layout_light et_pb_module et_flex_module preset--module--divi-text--default"><div class="et_pb_text_inner"><p>Então, aí têm, pessoal. Sigam estas dicas e estarão no bom caminho para o sucesso da gravação. E lembrem-se, mesmo que as coisas não corram de acordo com o planeado, continuem com elas. Por vezes, as melhores coisas surgem de momentos inesperados. E, quem sabe, talvez até tenha uma boa bobina de erros para partilhar com os seus fãs. Boa sorte, e parte uma perna (mas não a sério, isso seria mau).</p>
</div></div><div class="et_pb_module et_pb_button_module_wrapper et_pb_button_0_wrapper"><a class="et_pb_button_0 et_pb_button et_pb_bg_layout_light et_pb_module et_flex_module" href="https://asv.pt/pt/contato/">Mais perguntas?</a></div></div></div></div>
